git of k(a)?
1
Let y(g) = 5*g**3 - 2*g**2 + 2*g - 3. What is the tens digit of y(2)?
3
Let p(r) = -r**2 - 5*r - 4. Let d be p(-3). Suppose d*f - 1 = 2*k + 19, -5*k - 50 = 5*f. What is the units digit of (-3)/((-12)/k)*-2?
5
Let y(i) = -i**2 + 14*i + 1. What is the units digit of y(13)?
4
Suppose -5*d - 165 = -5*h, 0 = 4*h - d - 66 - 66. What is the tens digit of h?
3
What is the units digit of 65/3 + 3/9?
2
Let w = 255 + -167. What is the units digit of w?
8
Let j(u) = -4*u**3 + 6*u**3 - 5*u + 2 - 3*u**3 - 5*u**2. Suppose 2*i - 7*m + 6*m + 4 = 0, -3*m = 12. What is the units digit of j(i)?
6
Let v(h) = 22*h**2 - h + 1. Suppose 0 = 4*m - j + 4*j + 8, 0 = m - 4*j - 17. What is the tens digit of v(m)?
2
Let i = -124 + 210. What is the tens digit of i?
8
Let p be 18/(-4) - 6/(-4). Let l(w) = w - 4. Let h be l(p). Let s(v) = v**3 + 6*v**2 - 9*v - 6. What is the units digit of s(h)?
8
Let a(x) = 27 + 29 - x**2 + 0 + x. What is the units digit of a(0)?
6
Suppose 0 = 4*p - 20, -30 = 5*y - 2*p + p. Let v be (-2)/7 - 19/7. Let q = v - y. What is the units digit of q?
2
Let r = 122 - 85. What is the tens digit of r?
3
Let w = 25 - 20. Suppose -w*q + 22 = -188. What is the units digit of q?
2
Suppose 3*k - 206 = -n, -4*n = -2*n + 2*k - 416. What is the tens digit of n?
0
Suppose 4*n + 3 = 2*n - y, 0 = -3*n + 4*y - 32. Let u = 1 + -2. What is the units digit of 2/(n/(-14)) - u?
8
Let y(d) = -d**2 - 5*d - 3. Let n be y(-3). Suppose 0 = 2*q - 6*q + 4*l, n*l = 2*q + 3. What is the units digit of q?
3
Let k(y) = -2*y - 7. Let c be k(-6). Suppose -c*o + 25 = -5*p, 0 + 6 = 2*p. What is the units digit of o?
8
Let o = 31 - 17. What is the tens digit of o?
1
Let a = -27 + 58. Let p = 46 - a. What is the units digit of p?
5
Suppose -30*b = -32*b + 240. What is the hundreds digit of b?
1
Let z(x) = -5*x - x + 5 - 4 + 4 - x**2. Let k be 2/(-2 - (-24)/15). What is the tens digit of z(k)?
1
Suppose -10 = -3*x + x. Suppose -2*j = -j - x. What is the units digit of j?
5
Let t = -3 + 0. Let s = t + 5. What is the units digit of (-33)/(-6) + 1/s?
6
Let k(o) = -o**3 + 6*o**2 - 3*o - 2. Suppose 7 = -5*v + 22. Let g be (5 - v)/2 + 4. What is the units digit of k(g)?
8
What is the units digit of 2*(-3 + 148/8)?
1
Let s = 4 - 11. Let c = s - -23. What is the tens digit of c?
1
Suppose 0 = 4*o - 3*x, -17 = o - 4*o - 2*x. Let v = o - -2. What is the units digit of v?
5
Let z = -3 + 22. Let g(i) = -12*i**2 + 1. Let l be g(1). Let h = l + z. What is the units digit of h?
8
Let j(t) be the second derivative of t**3/2 + 4*t. What is the tens digit of j(5)?
1
What is the units digit of 68/14 + (-3)/(-21)?
5
Let o(u) = -u**3 - 7*u**2 - 3*u + 8. What is the units digit of o(-7)?
9
Let s = 82 - 38. Let q = -28 + s. What is the units digit of q?
6
What is the tens digit of (-6)/27 + 1589/63?
2
Suppose 4 = l - 1, -4*n + 18 = 2*l. Suppose -4*f = -n*f - 8. What is the units digit of f?
4
Suppose 6 - 66 = -3*s. What is the units digit of s?
0
Let u(x) = -x**2 + 4*x - 4. Let v be u(3). Let k = v + 4. What is the units digit of k - 2 - (-6)/2?
4
Let c = 5 + 1. What is the units digit of c?
6
Suppose -9 = 2*b - 3*b. What is the units digit of 3 + (b - 2) + -3?
7
Suppose 0 = 2*l + 2*l - t, 2*l + 3*t = 0. Suppose -3*a = 5*j - 32, l*j - 80 = -5*a - 3*j. What is the units digit of a?
9
Let q(i) = 6*i**2 + 6*i - 5. What is the tens digit of q(4)?
1
Let z(o) be the third derivative of 43*o**6/120 + o**5/60 - o**4/24 - 5*o**2. What is the tens digit of z(1)?
4
Suppose b + 4*x - 103 = 0, 4*x = 4*b - 3*b - 63. What is the tens digit of b?
8
Let w(g) = 3*g + 1. What is the units digit of w(3)?
0
Let y(a) = a + 19. What is the units digit of y(8)?
7
What is the tens digit of 1 + 9*2 + 0?
1
Suppose i + 4*i = 20. Suppose 4*w = 3*l + l + 16, i*w + 3*l = 23. What is the units digit of w?
5
Let d = 13 + -10. Suppose 0 = 2*c + d*c - 60. What is the units digit of c?
2
Let i be (-1*0/(-2))/2. Suppose 0 = -i*w - 5*w + 5*p - 5, -4*w = 4*p - 20. Suppose 3*z + b = 20, -w*z = -3*b - 26 + 9. What is the units digit of z?
7
Suppose 20 = -5*u + 7*u. Suppose 4*q - u = -g + 20, -3*g - 6 = 0. What is the units digit of q?
8
Let w = 11 - -52. What is the units digit of w?
3
Let a(c) = c**3 + 5*c**2 + 3*c + 1. Let h be a(-4). What is the units digit of h + -5 - (1 - 3)?
2
Suppose 7 = l - 3*g, -2*g - 19 = 5*l + g. Let a be l/(-3)*(-42)/(-4). Suppose -a = -4*z + 17. What is the units digit of z?
6
Let z(b) = 36*b - 7. Let a(g) = 18*g - 4. Let s(h) = -5*a(h) + 3*z(h). What is the units digit of s(1)?
7
Let j(l) = l**3 + 6*l**2 - 8*l - 4. Let i be j(-7). Suppose -2*b + i*b - 3 = 0. Suppose 2*x = r - 2*x - 24, -b*r = -2*x - 32. What is the units digit of r?
8
Let z = 6 + -12. Let q(l) be the third derivative of l**5/60 + l**4/4 + 2*l**3/3 + 10*l**2. What is the units digit of q(z)?
4
Let m = 13 - 19. Let o = m - -17. What is the tens digit of o?
1
Let n be 2 + (1 - (-1)/(-1)). Suppose -5*w + n*w - 6 = 0. What is the units digit of w/(0/3 + -1)?
2
Let x(r) = -r**2 - 6*r + 2. Let i be x(-6). Suppose 3*a = -0*a + 12. Suppose b = i*q + 12, 28 = a*b + 2*q - 0*q. What is the units digit of b?
8
Suppose -n - 40 = -t, 70 + 4 = 2*t + n. What is the units digit of t?
8
Suppose -2*o + 2 = -4*o. What is the tens digit of (-4)/(o - (-5)/7)?
1
Let x = 9 - 6. Let q(p) = -p + x*p + 9 + 0 - p. What is the units digit of q(-7)?
2
Let u = 9 + -6. Suppose t - u*q = -5*q + 5, -4*q - 26 = -2*t. What is the units digit of t?
9
Suppose 2536 = 7*u - 432. What is the hundreds digit of u?
4
Let k = 159 - 108. What is the tens digit of k?
5
Suppose -l + 3*a = -5*l + 1129, a = 3. What is the tens digit of l?
8
Let l = 65 - -35. What is the hundreds digit of l?
1
Suppose -3*m = -2*a - 20, 2*m - 23 = 3*a + m. Let v = a + 12. What is the units digit of v?
5
Let j(k) = 3*k**3 - k**2 + 1. Let g be j(-1). Let w be (-16)/(-6) - (-2)/g. Suppose 2*z + w*z = 28. What is the units digit of z?
7
Let m = -28 + 33. Suppose 2*i - 119 = -5*f, f - 4*f = m*i - 79. What is the tens digit of f?
2
Let t(h) be the second derivative of 5*h**4/4 - h**3/6 - h**2/2 + 5*h. What is the units digit of t(-1)?
5
Suppose 58 = 7*d - 40. Let o be 5 + 1/(-2)*2. Suppose o*i - 42 - d = 0. What is the units digit of i?
4
Let t(v) = v**2 + v - 1. Let s(j) = -j**3 + 4*j - 12. Let i(l) = -s(l) + 5*t(l). What is the units digit of i(-5)?
2
Suppose -3*z - 5 = 4. What is the tens digit of 12 + 6/(9/z)?
1
Let r be 1/(-2) + 44/8. Suppose -r*n + 0*n + 65 = 0. Let f = -8 + n. What is the units digit of f?
5
Suppose 0 = -0*b - 5*b + 360. What is the tens digit of b?
7
Let h be -1 + (-3 - -1 - -10). Let k = -3 + h. What is the units digit of k?
4
Let t = -57 + 85. What is the units digit of 3/(-6)*t/(-2)?
7
Let p = 3 - 40. Let o = p - -54. What is the units digit of o?
7
Let v(m) = -m**3 - 5*m**2 - 6*m - 5. Let p be v(-4). Suppose 0 = w + 5*c + 3, 0 = -p*w + 2*c - 6 + 31. What is the units digit of w?
7
Let j be (-1)/(-2) - (-57)/(-6). Let q = j + 21. What is the tens digit of q?
1
What is the hundreds digit of (5 - 7 - -252)/(2*1)?
1
Let u(k) = -k**2 - 8*k + 3. Let r be u(-10). Suppose 8 + 32 = -5*m. Let g = m - r. What is the units digit of g?
9
Let b(i) = -i**3 - 3*i**2 - 2*i. Let r be b(-3). Let d(o) = 1 + 4*o - r*o - o + 0. What is the tens digit of d(-3)?
1
Let k be ((-5)/(-10))/((-1)/976). What is the tens digit of k/(-10) - (-1)/5?
4
Suppose 6*y + 0*y = 2004. What is the units digit of y?
4
Let y(s) = 10*s**2 + 1. Let b(u) = -u - 3. Let k be b(-4). What is the tens digit of y(k)?
1
Suppose -22*l + 21*l = -44. What is the tens digit of l?
4
Let o(l) = -4*l + 9. Let y = 9 - 16. What is the tens digit of o(y)?
3
Suppose 2*y + 5*l - 71 = 0, 4*l + 16 + 4 = 0. Let q = y + -79. Let s = 43 + q. What is the units digit of s?
2
Let j(i) = i + 5. Let b be j(-4). Let c(w) = -w**2 + 2*w - 1. Let v be c(b). Suppose v = 3*g - 8*g + 25. What is the units digit of g?
5
Let w(l) = l**2 + l - 2. What is the tens digit of w(6)?
4
Suppose 2*i + 3*i = 0. Suppose 2*y - 81 = -0*y + 5*h, y - 3*h - 43 = i. What is the units digit of y?
8
Suppose 0*c + 3*c = 4*i + 26, 4*c + 4*i + 12 = 0. What is the units digit of c?
2
Let w be 14/(-8) + 2/(-8). Let l be (1 + w)*(3 - 2). What is the units digit of (2 - (-1 + l)) + -1?
3
S